1
What are the prime factors of 46222?
2, 11, 191
List the prime factors of 24580.
2, 5, 1229
List the prime factors of 13.
13
What are the prime factors of 8737?
8737
List the prime factors of 28.
2, 7
List the prime factors of 987.
3, 7, 47
What are the prime factors of 20345?
5, 13, 313
What are the prime factors of 133306?
2, 66653
List the prime factors of 1521.
3, 13
What are the prime factors of 754?
2, 13, 29
What are the prime factors of 61461?
3, 6829
What are the prime factors of 18128?
2, 11, 103
What are the prime factors of 14262?
2, 3, 2377
List the prime factors of 978.
2, 3, 163
What are the prime factors of 66265?
5, 29, 457
What are the prime factors of 84958?
2, 107, 397
List the prime factors of 20406.
2, 3, 19, 179
List the prime factors of 17726.
2, 8863
List the prime factors of 1246.
2, 7, 89
List the prime factors of 1205.
5, 241
List the prime factors of 940.
2, 5, 47
What are the prime factors of 2459?
2459
List the prime factors of 1758.
2, 3, 293
What are the prime factors of 10339?
7, 211
What are the prime factors of 326?
2, 163
List the prime factors of 65354.
2, 41, 797
What are the prime factors of 25822?
2, 12911
List the prime factors of 20745.
3, 5, 461
List the prime factors of 1229.
1229
What are the prime factors of 8280?
2, 3, 5, 23
What are the prime factors of 46366?
2, 97, 239
List the prime factors of 2218.
2, 1109
What are the prime factors of 3779?
3779
What are the prime factors of 2641?
19, 139
List the prime factors of 3937.
31, 127
List the prime factors of 8392.
2, 1049
List the prime factors of 888.
2, 3, 37
What are the prime factors of 66358?
2, 33179
What are the prime factors of 2063?
2063
What are the prime factors of 19698?
2, 3, 7, 67
What are the prime factors of 14500?
2, 5, 29
List the prime factors of 35777.
7, 19, 269
List the prime factors of 865.
5, 173
What are the prime factors of 67667?
157, 431
List the prime factors of 166252.
2, 89, 467
List the prime factors of 132447.
3, 7, 17, 53
What are the prime factors of 798?
2, 3, 7, 19
List the prime factors of 98450.
2, 5, 11, 179
What are the prime factors of 4131?
3, 17
What are the prime factors of 1537?
29, 53
List the prime factors of 26773.
41, 653
List the prime factors of 4188.
2, 3, 349
What are the prime factors of 2422?
2, 7, 173
What are the prime factors of 641?
641
List the prime factors of 1089.
3, 11
What are the prime factors of 15563?
79, 197
List the prime factors of 2484.
2, 3, 23
List the prime factors of 38596.
2, 9649
What are the prime factors of 491?
491
What are the prime factors of 2038?
2, 1019
List the prime factors of 157469.
13, 12113
What are the prime factors of 30?
2, 3, 5
What are the prime factors of 3852?
2, 3, 107
What are the prime factors of 620?
2, 5, 31
What are the prime factors of 23896?
2, 29, 103
What are the prime factors of 5790?
2, 3, 5, 193
List the prime factors of 34855.
5, 6971
What are the prime factors of 5226?
2, 3, 13, 67
List the prime factors of 26802.
2, 3, 1489
What are the prime factors of 524?
2, 131
What are the prime factors of 344?
2, 43
What are the prime factors of 2200?
2, 5, 11
List the prime factors of 4882.
2, 2441
What are the prime factors of 1571?
1571
List the prime factors of 3019.
3019
List the prime factors of 726.
2, 3, 11
What are the prime factors of 765?
3, 5, 17
List the prime factors of 58632.
2, 3, 7, 349
List the prime factors of 865.
5, 173
What are the prime factors of 5908?
2, 7, 211
What are the prime factors of 64598?
2, 32299
List the prime factors of 63084.
2, 3, 7, 751
List the prime factors of 2899.
13, 223
List the prime factors of 107.
107
List the prime factors of 25258.
2, 73, 173
List the prime factors of 57127.
7, 8161
What are the prime factors of 1277?
1277
What are the prime factors of 1619?
1619
List the prime factors of 12913.
37, 349
List the prime factors of 4878.
2, 3, 271
What are the prime factors of 106174?
2, 53087
List the prime factors of 1557.
3, 173
What are the prime factors of 2901?
3, 967
List the prime factors of 1014.
2, 3, 13
List the prime factors of 1784.
2, 223
What are the prime factors of 1379?
7, 197
What are the prime factors of 7261?
53, 137
List the prime factors of 1259.
1259
List the prime factors of 863.
863
List the prime factors of 127734.
2, 3, 61, 349
List the prime factors of 76578.
2, 3, 12763
List the prime factors of 23017.
23017
List the prime factors of 2656.
2, 83
List the prime factors of 150406.
2, 157, 479
What are the prime factors of 1330?
2, 5, 7, 19
List the prime factors of 11737.
11, 97
What are the prime factors of 361?
19
What are the prime factors of 21863?
21863
List the prime factors of 3269.
7, 467
What are the prime factors of 1327?
1327
What are the prime factors of 8428?
2, 7, 43
What are the prime factors of 3712?
2, 29
List the prime factors of 9030.
2, 3, 5, 7, 43
List the prime factors of 9312.
2, 3, 97
List the prime factors of 288.
2, 3
What are the prime factors of 2881?
43, 67
What are the prime factors of 280?
2, 5, 7
List the prime factors of 706.
2, 353
List the prime factors of 1522.
2, 761
What are the prime factors of 352?
2, 11
What are the prime factors of 5058?
2, 3, 281
List the prime factors of 116129.
13, 8933
What are the prime factors of 7581?
3, 7, 19
List the prime factors of 10045.
5, 7, 41
What are the prime factors of 567?
3, 7
List the prime factors of 78361.
23, 3407
List the prime factors of 41049.
3, 4561
List the prime factors of 445.
5, 89
What are the prime factors of 6145?
5, 1229
List the prime factors of 964.
2, 241
What are the prime factors of 216?
2, 3
List the prime factors of 117510.
2, 3, 5, 3917
List the prime factors of 1784.
2, 223
List the prime factors of 34569.
3, 23, 167
What are the prime factors of 1044?
2, 3, 29
What are the prime factors of 183266?
2, 43, 2131
List the prime factors of 8346.
2, 3, 13, 107
List the prime factors of 87459.
3, 29153
List the prime factors of 4078.
2, 2039
List the prime factors of 486.
2, 3
What are the prime factors of 530?
2, 5, 53
What are the prime factors of 303?
3, 101
What are the prime factors of 102237?
3, 53, 643
List the prime factors of 41083.
7, 5869
What are the prime factors of 21262?
2, 10631
List the prime factors of 17799.
3, 17, 349
What are the prime factors of 3988?
2, 997
What are the prime factors of 131647?
47, 2801
What are the prime factors of 58430?
2, 5, 5843
What are the prime factors of 12057?
3, 4019
List the prime factors of 3087.
3, 7
What are the prime factors of 53856?
2, 3, 11, 17
What are the prime factors of 291?
3, 97
List the prime factors of 6372.
2, 3, 59
List the prime factors of 1491.
3, 7, 71
List the prime factors of 10263.
3, 11, 311
What are the prime factors of 446?
2, 223
What are the prime factors of 395?
5, 79
What are the prime factors of 7881?
3, 37, 71
What are the prime factors of 26038?
2, 47, 277
List the prime factors of 1825.
5, 73
What are the prime factors of 54757?
17, 3221
What are the prime factors of 37?
37
List the prime factors of 3457.
3457
What are the prime factors of 3810?
2, 3, 5, 127
What are the prime factors of 14605?
5, 23, 127
What are the prime factors of 299?
13, 23
List the prime factors of 5464.
2, 683
List the prime factors of 56865.
3, 5, 17, 223
List the prime factors of 2536.
2, 317
What are the prime factors of 1035?
3, 5, 23
List the prime factors of 1410.
2, 3, 5, 47
What are the prime factors of 13089?
3, 4363
What are the prime factors of 1064?
2, 7, 19
What are the prime factors of 538?
2, 269
List the prime factors of 1315.
5, 263
What are the prime factors of 43673?
7, 17, 367
List the prime factors of 12155.
5, 11, 13, 17
List the prime factors of 96870.
2, 3, 5, 3229
List the prime factors of 15852.
2, 3, 1321
What are the prime factors of 40390?
2, 5, 7, 577
What are the prime factors of 1819?
17, 107
What are the prime factors of 1445?
5, 17
What are the prime factors of 18552?
2, 3, 773
What are the prime factors of 5540?
2, 5, 277
List the prime factors of 15254.
2, 29, 263
What are the prime factors of 31578?
2, 3, 19, 277
What are the prime factors of 13586?
2, 6793
List the prime factors of 804.
2, 3, 67
List the prime factors of 36978.
2, 3, 6163
List the prime factors of 31